s the tens digit of 3881?
8
What is the tens digit of 1913?
1
What is the ten thousands digit of 39934?
3
What is the units digit of 8844?
4
What is the ten thousands digit of 182724?
8
What is the hundreds digit of 6168?
1
What is the tens digit of 660?
6
What is the units digit of 910?
0
What is the units digit of 9388?
8
What is the hundreds digit of 458?
4
What is the tens digit of 65832?
3
What is the thousands digit of 9342?
9
What is the units digit of 650?
0
What is the thousands digit of 6992?
6
What is the thousands digit of 7701?
7
What is the hundreds digit of 46308?
3
What is the hundreds digit of 243?
2
What is the tens digit of 5523?
2
What is the tens digit of 1832?
3
What is the hundreds digit of 1952?
9
What is the units digit of 5179?
9
What is the thousands digit of 7447?
7
What is the hundreds digit of 12474?
4
What is the hundreds digit of 4698?
6
What is the thousands digit of 24217?
4
What is the tens digit of 3999?
9
What is the tens digit of 16239?
3
What is the ten thousands digit of 11656?
1
What is the tens digit of 123992?
9
What is the thousands digit of 37719?
7
What is the tens digit of 71?
7
What is the units digit of 4981?
1
What is the tens digit of 3691?
9
What is the hundreds digit of 36261?
2
What is the thousands digit of 21428?
1
What is the ten thousands digit of 23080?
2
What is the thousands digit of 3304?
3
What is the thousands digit of 2175?
2
What is the thousands digit of 64547?
4
What is the units digit of 225?
5
What is the thousands digit of 1159?
1
What is the hundreds digit of 38561?
5
What is the hundreds digit of 851?
8
What is the hundreds digit of 111?
1
What is the thousands digit of 58375?
8
What is the units digit of 35215?
5
What is the hundreds digit of 8573?
5
What is the hundreds digit of 33698?
6
What is the hundreds digit of 18981?
9
What is the thousands digit of 12323?
2
What is the hundreds digit of 4169?
1
What is the thousands digit of 97538?
7
What is the hundreds digit of 2745?
7
What is the tens digit of 110292?
9
What is the units digit of 15876?
6
What is the units digit of 21324?
4
What is the hundreds digit of 3335?
3
What is the tens digit of 37938?
3
What is the hundreds digit of 1388?
3
What is the ten thousands digit of 19991?
1
What is the units digit of 1395?
5
What is the units digit of 250?
0
What is the thousands digit of 1004?
1
What is the tens digit of 72?
7
What is the ten thousands digit of 37593?
3
What is the tens digit of 586?
8
What is the tens digit of 360?
6
What is the units digit of 7905?
5
What is the units digit of 14136?
6
What is the thousands digit of 6966?
6
What is the tens digit of 38364?
6
What is the ten thousands digit of 28977?
2
What is the hundreds digit of 16854?
8
What is the hundreds digit of 815?
8
What is the thousands digit of 34171?
4
What is the units digit of 191239?
9
What is the tens digit of 1992?
9
What is the units digit of 11764?
4
What is the units digit of 647?
7
What is the tens digit of 7653?
5
What is the ten thousands digit of 15413?
1
What is the hundreds digit of 6152?
1
What is the units digit of 196830?
0
What is the ten thousands digit of 42169?
4
What is the units digit of 921?
1
What is the units digit of 2625?
5
What is the tens digit of 5691?
9
What is the hundred thousands digit of 177049?
1
What is the thousands digit of 11249?
1
What is the units digit of 1878?
8
What is the units digit of 481?
1
What is the units digit of 2520?
0
What is the hundreds digit of 2376?
3
What is the units digit of 1245?
5
What is the units digit of 18681?
1
What is the tens digit of 1376?
7
What is the thousands digit of 33152?
3
What is the thousands digit of 1396?
1
What is the thousands digit of 9863?
9
What is the hundred thousands digit of 199188?
1
What is the units digit of 157?
7
What is the units digit of 315?
5
What is the ten thousands digit of 19401?
1
What is the tens digit of 1070?
7
What is the units digit of 5133?
3
What is the hundreds digit of 281?
2
What is the hundreds digit of 93663?
6
What is the thousands digit of 1214?
1
What is the thousands digit of 3207?
3
What is the tens digit of 51428?
2
What is the tens digit of 3130?
3
What is the units digit of 8739?
9
What is the thousands digit of 2164?
2
What is the hundreds digit of 9933?
9
What is the tens digit of 2630?
3
What is the hundreds digit of 441?
4
What is the hundreds digit of 245?
2
What is the units digit of 1029?
9
What is the units digit of 1679?
9
What is the hundreds digit of 1344?
3
What is the hundreds digit of 7587?
5
What is the hundreds digit of 4029?
0
What is the tens digit of 6102?
0
What is the hundreds digit of 1473?
4
What is the units digit of 5844?
4
What is the thousands digit of 10816?
0
What is the thousands digit of 4964?
4
What is the hundreds digit of 693?
6
What is the thousands digit of 5046?
5
What is the hundreds digit of 642?
6
What is the units digit of 530?
0
What is the thousands digit of 69524?
9
What is the units digit of 13663?
3
What is the hundreds digit of 4434?
4
What is the tens digit of 173?
7
What is the hundreds digit of 7910?
9
What is the units digit of 166?
6
What is the tens digit of 38827?
2
What is the hundreds digit of 11557?
5
What is the thousands digit of 48177?
8
What is the thousands digit of 2226?
2
What is the ten thousands digit of 14574?
1
What is the hundreds digit of 6253?
2
What is the tens digit of 73034?
3
What is the tens digit of 17244?
4
What is the hundreds digit of 80390?
3
What is the hundreds digit of 45970?
9
What is the tens digit of 2310?
1
What is the units digit of 2369?
9
What is the thousands digit of 32019?
2
What is the hundreds digit of 35735?
7
What is the units digit of 33001?
1
What is the hundreds digit of 85802?
8
What is the thousands digit of 1109?
1
What is the hundreds digit of 84707?
7
What is the hundreds digit of 292?
2
What is the tens digit of 23768?
6
What is the hundreds digit of 10071?
0
What is the tens digit of 33252?
5
What is the units digit of 1328?
8
What is the tens digit of 2327?
2
What is the ten thousands digit of 142593?
4
What is the hundreds digit of 7755?
7
What is the hundred thousands digit of 100073?
1
What is the units digit of 1001?
1
What is the units digit of 5076?
6
What is the tens digit of 2177?
7
What is the thousands digit of 2332?
2
What is the thousands digit of 1691?
1
What is the units digit of 847?
7
What is the units digit of 450?
0
What is the ten thousands digit of 139395?
3
What is the tens digit of 132?
3
What is the units digit of 417?
7
What is the hundreds digit of 385?
3
What is the thousands digit of 7547?
7
What is the units digit of 6598?
8
What is the thousands digit of 131147?
1
What is the hundreds digit of 3572?
5
What is the thousands digit of 154249?
4
What is the units digit of 6476?
6
What is the tens digit of 4216?
1
What is the units digit of 2139?
9
What is the tens digit of 638?
3
What is the tens digit of 14007?
0
What is the hundreds digit of 59936?
9
What is the tens digit of 606?
0
What is the thousands digit of 2328?
2
What is the hundreds digit of 27379?
3
What is the tens digit of 62?
6
What is the ten thousands digit of 27617?
2
What is the hundreds digit of 162?
1
What is the units digit of 2646?
6
What is the tens digit of 10541?
4
What is the units digit of 25156?
6
What is the thousands digit of 5536?
5
What is the units digit of 158?
8
What is the units digit of 7544?
4
What is the thousands digit of 5692?
5
What is the thousands digit of 114792?
4
What is the hundred thousands digit of 157742?
1
What is the tens digit of 167334?
3
What is the hundreds digit of 1494?
4
What is the thousands digit of 157280?
7
What is the units digit of 30056?
6
What is the units digit of 51?
1
What is the hundreds digit of 13631?
6
What is the tens digit of 4798?
9
What is the tens digit of 1001?
0
What is the tens digit of 170?
7
What is the thousands digit of 1227?
1
What is the tens digit of 83284?
8
What is the thousands digit of 44416?
4
What is the hundreds digit of 16121?
1
What is the tens digit of 8881?
8
What is the units digit of 1642?
2
What is the tens digit of 611?
1
What is the tens digit of 36180?
8
What is the thousands digit of 11825?
1
What is the tens digit of 831